ppose 0 = 2*l + 2*l - 2*x - f, -5*x - 2059 = -4*l. Is l prime?
True
Let u(d) = 6 + 0 + 22 - 5 + 42*d. Is u(11) composite?
True
Let q be 14242/((-5 + 1)*8/(-16)). Suppose -3*f + 2080 = -q. Is f a prime number?
True
Suppose 2*y - u = 9366, 3*y - 15*u = -14*u + 14051. Is y a prime number?
False
Let s(f) = f - 2. Let c be s(6). Suppose a + c*a = 30. Is 14/(-21) + 1234/a composite?
True
Let o be 12*138/60 - (-2)/5. Is 6/(-21) + 50604/o a composite number?
True
Suppose -4*h + 2*g + 20 = 0, 3*h + 0*g = -2*g + 22. Let n(x) = 46*x + 11. Is n(h) prime?
False
Let d(z) = 41*z**2 - 2*z + 8. Let x(f) = 82*f**2 - 5*f + 17. Let k(t) = 7*d(t) - 3*x(t). Is k(3) a prime number?
False
Suppose 83588 + 34495 = 21*m. Is m composite?
False
Suppose -n + 5*n = -5*f + 27, -3*f + 6 = -n. Suppose 0 = -4*z + n*z + 35. Suppose -m = -0*m - z. Is m prime?
False
Let k = -2742 - -4129. Is k a composite number?
True
Suppose q = 2*q + 732. Let d = q - -1373. Is d a composite number?
False
Suppose 0 = -14*o + 79263 - 233. Is o prime?
False
Let c be (-3)/(1/2 + -2). Suppose b + c*d = 24, -b - 5*d + 52 = b. Let g(s) = s - 5. Is g(b) a composite number?
False
Suppose 0 = -2*p - 25 + 31, 0 = 4*j + 4*p - 25304. Is j composite?
False
Let i be (-24)/(-18) + (-4)/(-6). Suppose -i*a = 4*y + 2, 3*y + 0*y + 5*a = -5. Suppose -5*o + 455 = -y*o. Is o prime?
False
Suppose 20 = -5*q, -7*t = -12*t - 2*q + 34527. Is t a composite number?
False
Let w = -487 + 2529. Is w a prime number?
False
Let v be 2/((44/(-33))/(4/(-2))). Let u(c) = 51*c + 4. Is u(v) a composite number?
False
Let x be 114/(-8) - 1/(-4). Let m(z) = 18*z**3 - z**2 - 2*z - 1. Let q be m(-1). Is (-1214)/x + q/(-63) a prime number?
False
Suppose 8*d - 4*d + 9872 = 0. Let p = -625 - d. Is p prime?
False
Let m be 0*2*1/(-4). Let u = 4 + m. Is (u/(-6))/((-8)/2244) a prime number?
False
Let p(u) = -u + 487. Suppose 5*t + 20 = 0, h - 4*t = t + 37. Let j = h + -17. Is p(j) a composite number?
False
Suppose 0 = -3*l - 15, -h = -6*h - l + 127470. Is h a prime number?
False
Let r(l) = -2*l**3 - 8*l**2 + 14*l - 15. Let h be r(-11). Suppose 819 = 4*c - h. Is c a composite number?
True
Suppose 0 = 18*w - 6511 - 7349. Let u = w + 1809. Is u composite?
False
Suppose 2*j + 2*j = 2*m + 44638, 0 = -3*j + 3*m + 33486. Is j a composite number?
True
Suppose -4*x = -38 - 70. Suppose 3*z = -0*z - 9, -5*z = t + 12. Suppose 3*f - w - 239 + x = 0, -2*f = t*w - 145. Is f prime?
True
Suppose 0 = 3*d + 4*l - 2592 - 320, 0 = 5*d + 2*l - 4844. Suppose 0*o + 5*w = 3*o - d, 1334 = 4*o + 2*w. Is o prime?
True
Is (-58)/203 + ((-460184)/(-14) - 1) a prime number?
True
Suppose 5*j = r - 53209, -3*j = -15*r + 16*r - 53177. Is r prime?
True
Suppose -3*g - 3*f + 14604 = 0, -f - 3*f = 20. Is g a composite number?
True
Suppose q + 8*l - 3*l = 629, 0 = 2*l. Suppose -2*s + 2140 = -3*p, -q = 4*s - 5*p - 4911. Is s composite?
True
Suppose 2*g + 2*g - 36 = 0. Suppose -5*v - 26 = -3*l, 5*l - v = 5 + g. Is (49/l)/7*94 composite?
True
Let j(l) = 50*l**3 + 4*l**2 + 2*l - 6. Let v be (10/(-25))/(2/(-20)). Let f be j(v). Is 2/(-7) + f/14 composite?
False
Let z = -924 - -407. Suppose -7*n + 1552 + 3544 = 0. Let b = n + z. Is b a prime number?
True
Let b = -18 - -21. Is (2/b)/(-8*(-5)/97980) prime?
False
Suppose -n + 3*n = -2160. Let x = 1579 + n. Is x composite?
False
Suppose -489 = -3*k + 4344. Is k*2/((-6)/(-1)) a composite number?
True
Let h(u) = -4*u**2 + u**3 + 719 - u**3 + 3*u**2 + u**3. Is h(0) a composite number?
False
Suppose 2*n + 3*b = 3983, -2*n + 2*b - 6*b = -3986. Is n prime?
True
Suppose b - 4*v + 1 = 16, -5*v = 15. Let w be (1 - (b - 1)) + 3. Suppose -w*y + 344 = 106. Is y prime?
False
Suppose 3*k - 16 = -k. Suppose k*m - 2874 = -2*m. Is m composite?
False
Let t(d) = 2*d**2 + 15*d - 52. Is t(31) prime?
False
Suppose 7295 = -29*u + 169144. Is u composite?
False
Let o(y) = 46*y**3 - 4*y**2 - 16*y + 15. Is o(9) a prime number?
False
Let g(w) = w**3 + w + 8. Let c be g(0). Is (c/12)/(10/1965) a prime number?
True
Let o(f) = -117*f - 1. Let r be o(6). Let z = r - -1240. Is z prime?
False
Let p(s) = -5*s**3 - 3*s**2 - 6*s + 133. Is p(-12) a composite number?
True
Let x = -3 + 6. Suppose 40 = -2*f - x*f. Is (26/f)/(4/(-976)) a prime number?
False
Let k = 35 - -187. Let w be (k - (5 - 2)) + -2. Suppose -o + w = 3*y, y + o = -o + 64. Is y prime?
False
Let y be (-4)/8 + (-2)/(-4). Suppose 5*l = m + 738 - 3, y = l - 4*m - 128. Suppose 2*t - l = 670. Is t prime?
True
Suppose 4*d + d + 2*q = 13, 2 = -2*q. Let p(a) be the third derivative of a**5/10 + a**4/24 + a**3/3 + 2*a**2 - 10*a. Is p(d) composite?
False
Let o(s) = -s**3 - 2*s**2 + 1. Let z be o(-1). Let b(a) = -a + 15. Is b(z) a composite number?
True
Suppose 11 - 27 = 4*w. Let d be w/14 + (-7744)/(-56). Let x = d - 61. Is x a prime number?
False
Suppose -726 = -3*a - 4*n, -851 = -5*a - 4*n + 367. Suppose 0 = g - 2*z - 333, g - a = -z + 72. Is g composite?
True
Let s(x) = x**3 + 9*x**2 - x - 20. Is s(7) composite?
False
Let t be -10*(-1)/(-2) - 3. Let c(n) = n**2 + 8*n + 2. Let b be c(t). Is 124 + 12/b + -3 composite?
False
Let l(j) = -5*j**3 - 8*j**2 - 3. Let a be l(-8). Suppose -4*q + a = q. Is q prime?
True
Let v = 6875 - 4077. Is v a composite number?
True
Let z(y) = 5 - 4*y - 16*y**2 - y**3 + 3 - 4*y. Is z(-19) prime?
False
Is (4449 - -2)*(-6 - 42/(-6)) composite?
False
Suppose 5*c - 6 = 3*o - 4*o, -3*o + 3*c = 0. Suppose -94 + 370 = 12*j. Is (o + -1 + j)*5 a prime number?
False
Let l be (-6812)/(-28) - 4/14. Let r = l - 130. Is r composite?
False
Let r be (10/(-35))/1*-7. Is (((-6)/r)/1)/(21/(-25165)) a composite number?
True
Let y(r) = r**2 + 15*r + 3. Let m be y(-15). Suppose -35 = -m*s + 8*s. Let n = s - -138. Is n composite?
False
Let i = 14 + -23. Let j = i - -14. Suppose -j*n + 2*n + 78 = 0. Is n a prime number?
False
Let l = 12 - 12. Suppose -9 + l = -3*u. Suppose -2*r + 1022 = 4*q, -1294 = -u*q - 2*q + 3*r. Is q a prime number?
True
Let n(z) = z**2 - 7*z - 6. Let v be n(8). Suppose v*u + 21 - 5 = 0. Is u/(-36) + 248/18 a prime number?
False
Let u(r) = -3*r + 24. Let s be u(7). Suppose -s*b = j - 3611, -2*j = 5 + 3. Is 3/(-6)*8 + b composite?
False
Let p(g) = -37376*g + 174. Is p(-2) prime?
False
Let t(o) = -131*o + 79. Is t(-18) prime?
True
Suppose 3*r + 0*w = -w + 8, r + 3*w = 8. Suppose 6*d - 5128 = -r*d. Is d composite?
False
Let d = 36 + -56. Let u = 41 + d. Is u composite?
True
Suppose -251 = -2*l + 37. Suppose 3*k + k + 4*i = l, -4*k = 5*i - 141. Suppose -250 + k = -u. Is u a composite number?
False
Let a be 1/(-3) - (-2)/6. Let n(r) = 2*r**2 + 14*r. Let m be n(-6). Is -395*(a - m/(-20)) a prime number?
False
Suppose -2*c + 3*l - 304 = 0, 6*c + 475 = 3*c - 5*l. Let t = -345 - c. Let w = t - -507. Is w prime?
True
Let d = 30253 + 32958. Is d a prime number?
True
Let u be (-14)/6*(14 + -2). Let l = 32 + u. Suppose 0*g + 1137 = 3*g + l*n, -3*n = 0. Is g prime?
True
Let u(i) = 2 - 6 - 5 + 0 - i. Let l be u(-10). Is (2/l)/(4/326) prime?
True
Suppose -7*m + 25 = 4. Suppose -12*v + m*v = -2853. Is v prime?
True
Suppose 6*n - n - 3*u + 43 = 0, -21 = 2*n - 5*u. Let b be (-8)/(-6)*(-18)/12. Is n/b + 5257/7 prime?
False
Suppose g - z - 64301 = 0, -2*g = -3*z + 8*z - 128602. Is g prime?
True
Let p(a) = -258*a - 38. Let w be p(-17). Suppose -4*m = x - w, 3076 = 3*m - 5*x - 185. Is m composite?
False
Let t(x) = 456*x**2 - 10*x + 213. Is t(16) composite?
False
Suppose 207*k - 234915 = 192*k. Is k a composite number?
False
Suppose 7*i + 2*y - 20 = 3*i, -4*i + y = -20. Suppose -1 = i*s + 4. Is (1/2)/(s/(-446)) a prime number?
True
Let f(g) = -9*g**2 + 14*g + 19. Let t(k) = -13*k**2 + 21*k + 29. Let i(m) = -8*f(m) + 5*t(m). Is i(-9) prime?
False
Let t = -2329 - -6870. Suppose 5*s - 4*s = -4*c + 3616, 5*c - t = 4*s. Is c prime?
False
Let g(i) = -5*i**2 - i - 5. Let b(k) = -3*k**2 - k - 2. Let d(a) = 7*b(a) - 4*g(a). Let y be d(-6). Is y/(-8)*52/6 composite?
False
Let g(p) = -3572*p**3 - 3*p**2 - p + 1. Is g(-1) a prime number?
True
Let j(x) = x**2 + x + 6. Let z be j(-2). Suppose -13*n + z*n = -20415. Is n composite?
True
Let x be 269874/8 + 7 - 2/8. Suppose 5*n + 6844 = 2*t + x, -2*n + 10754 = -2*t. Is n a prime number?
True
Let k(t) = -3*t - 10. Let f be k(0). Let v(z) = -28*z - 23. Is v(f) prime?
True
Is ((-116)/(-20) 